) in base 9?
-2
2 (base 3) to base 5
2
What is 3 (base 12) in base 11?
3
What is -45 (base 16) in base 5?
-234
58 (base 10) to base 4
322
What is -10 (base 8) in base 10?
-8
Convert -14 (base 5) to base 15.
-9
21 (base 3) to base 12
7
Convert 5d (base 14) to base 5.
313
What is 245 (base 11) in base 7?
564
What is 1021 (base 3) in base 14?
26
What is 104 (base 5) in base 14?
21
What is 8 (base 14) in base 4?
20
-23 (base 5) to base 2
-1101
Convert 111 (base 2) to base 12.
7
Convert -28 (base 10) to base 2.
-11100
Convert -98 (base 12) to base 9.
-138
Convert 20 (base 6) to base 3.
110
What is 113 (base 5) in base 2?
100001
Convert 111010 (base 2) to base 11.
53
What is 7b (base 15) in base 9?
138
-1 (base 14) to base 7
-1
-4 (base 15) to base 5
-4
Convert -5 (base 11) to base 13.
-5
Convert -11 (base 6) to base 3.
-21
Convert 100100 (base 3) to base 5.
2002
What is -2 (base 12) in base 13?
-2
-1200 (base 3) to base 6
-113
Convert 5 (base 11) to base 10.
5
15 (base 7) to base 16
c
-102 (base 8) to base 12
-56
Convert -211 (base 5) to base 14.
-40
38 (base 10) to base 16
26
What is 25 (base 12) in base 14?
21
-14 (base 9) to base 4
-31
What is 8 (base 14) in base 6?
12
What is 4 (base 6) in base 4?
10
Convert -342 (base 5) to base 6.
-241
What is 111 (base 5) in base 15?
21
Convert 34 (base 11) to base 13.
2b
Convert 10 (base 3) to base 10.
3
What is -17 (base 11) in base 7?
-24
2 (base 12) to base 2
10
What is 6 (base 12) in base 8?
6
Convert 19 (base 16) to base 2.
11001
Convert 11200 (base 3) to base 11.
105
Convert 51 (base 10) to base 6.
123
Convert -47 (base 12) to base 16.
-37
What is -1312 (base 4) in base 12?
-9a
-1 (base 5) to base 12
-1
What is -11 (base 15) in base 11?
-15
22 (base 9) to base 8
24
Convert -113 (base 6) to base 2.
-101101
Convert 14 (base 11) to base 7.
21
What is 10 (base 8) in base 16?
8
Convert -24 (base 11) to base 12.
-22
-b (base 12) to base 15
-b
Convert 40 (base 16) to base 10.
64
What is d3 (base 16) in base 2?
11010011
Convert -75 (base 15) to base 2.
-1101110
What is 5 (base 16) in base 14?
5
What is -27 (base 8) in base 12?
-1b
What is 21 (base 3) in base 11?
7
Convert 40 (base 14) to base 16.
38
What is 55 (base 6) in base 15?
25
-1120 (base 3) to base 9
-46
What is 41 (base 5) in base 10?
21
Convert 68 (base 10) to base 5.
233
8 (base 11) to base 15
8
What is 0 (base 12) in base 8?
0
Convert 102 (base 7) to base 11.
47
-38 (base 9) to base 5
-120
What is -1 (base 14) in base 13?
-1
Convert -53 (base 6) to base 12.
-29
What is 11 (base 2) in base 15?
3
What is -124 (base 5) in base 16?
-27
Convert 2 (base 6) to base 9.
2
Convert -8 (base 14) to base 4.
-20
What is -11 (base 11) in base 10?
-12
Convert -1 (base 15) to base 7.
-1
What is 37 (base 13) in base 5?
141
0 (base 14) to base 4
0
What is 102 (base 7) in base 6?
123
What is 0 (base 7) in base 8?
0
What is 3 (base 7) in base 14?
3
What is 89 (base 11) in base 6?
241
Convert -6 (base 10) to base 12.
-6
Convert 100 (base 2) to base 15.
4
Convert -26 (base 9) to base 8.
-30
-121 (base 7) to base 16
-40
What is 4 (base 9) in base 10?
4
What is -10 (base 2) in base 9?
-2
Convert 18 (base 9) to base 2.
10001
Convert 2b (base 13) to base 14.
29
1 (base 9) to base 3
1
What is -163 (base 10) in base 15?
-ad
Convert 1 (base 10) to base 7.
1
Convert -100000 (base 2) to base 14.
-24
What is -22 (base 11) in base 6?
-40
Convert 2 (base 12) to base 2.
10
-7 (base 10) to base 2
-111
17 (base 10) to base 16
11
a (base 11) to base 6
14
Convert 40 (base 8) to base 12.
28
Convert 11 (base 14) to base 13.
12
What is 101010 (base 2) in base 7?
60
What is a (base 15) in base 8?
12
-103 (base 5) to base 13
-22
What is -301 (base 4) in base 7?
-100
What is 212 (base 4) in base 2?
100110
Convert -220 (base 3) to base 16.
-18
Convert -28 (base 13) to base 2.
-100010
Convert -6 (base 11) to base 16.
-6
Convert 62 (base 10) to base 6.
142
30 (base 4) to base 11
11
Convert -1 (base 16) to base 3.
-1
What is b (base 12) in base 5?
21
Convert 2 (base 8) to base 7.
2
1010100 (base 2) to base 10
84
Convert 2222 (base 3) to base 5.
310
2 (base 16) to base 9
2
0 (base 7) to base 4
0
Convert -112 (base 3) to base 8.
-16
-6a (base 16) to base 6
-254
What is 156 (base 7) in base 9?
110
Convert 124 (base 7) to base 5.
232
6 (base 9) to base 14
6
Convert 113 (base 4) to base 8.
27
Convert -10001010 (base 2) to base 12.
-b6
Convert 87 (base 10) to base 6.
223
Convert -102 (base 3) to base 14.
-b
What is 6 (base 7) in base 4?
12
7c (base 15) to base 7
225
Convert 6 (base 8) to base 12.
6
Convert 5 (base 14) to base 3.
12
What is 0 (base 14) in base 15?
0
What is 175 (base 11) in base 10?
203
Convert 100 (base 4) to base 16.
10
What is -4 (base 5) in base 12?
-4
What is 1101 (base 2) in base 5?
23
What is -10000101 (base 2) in base 13?
-a3
What is -2e (base 16) in base 11?
-42
Convert 100 (base 2) to base 9.
4
Convert -3e (base 15) to base 12.
-4b
What is 3 (base 14) in base 16?
3
161 (base 12) to base 5
1332
What is -2 (base 4) in base 5?
-2
Convert -2a (base 16) to base 12.
-36
What is 9d (base 14) in base 9?
164
What is -73 (base 12) in base 10?
-87
Convert -100011110 (base 2) to base 7.
-556
What is -112 (base 12) in base 7?
-314
-131 (base 9) to base 4
-1231
Convert 21 (base 16) to base 7.
45
What is -100 (base 12) in base 11?
-121
What is 12 (base 3) in base 14?
5
What is -2 (base 14) in base 6?
-2
What is -7 (base 13) in base 10?
-7
Convert -10 (base 9) to base 15.
-9
Convert -31 (base 10) to base 7.
-43
Convert 1 (base 4) to base 12.
1
What is 4 (base 16) in base 5?
4
537 (base 8) to base 9
430
Convert 11100 (base 2) to base 9.
31
What is 3 (base 8) in base 15?
3
Convert 50 (base 11) to base 12.
47
3200 (base 4) to base 6
1012
Convert -11 (base 15) to base 3.
-121
Convert 1 (base 6) to base 5.
1
What is -1 (base 7) in base 15?
-1
What is 1032 (base 7) in base 8?
556
12 (base 4) to base 2
110
Convert 10 (base 2) to base 11.
2
55 (base 13) to base 4
1012
1103 (base 4) to base 16
53
Convert 120 (base 4) to base 6.
40
Convert -31 (base 10) to base 2.
-11111
What is -1 (base 16) in base 9?
-1
Convert -14 (base 8) to base 4.
-30
Convert 41 (base 5) to base 16.
15
What is 1221 (base 4) in base 9?
126
12 (base 5) to base 10
7
Convert -4 (base 11) to base 6.
-4
Convert 3 (base 15) to base 5.
3
What is -1010 (base 5) in base 14?
-94
Convert 1200 (base 3) to base 13.
36
What is -11220 (base 3) in base 9?
-156
-14 (base 14) to base 10
-18
Convert 0 (base 14) to base 7.
0
-41 (base 13) to base 6
-125
-22 (base 5) to base 13
-c
-3 (base 11) to base 14
-3
What is -1 (base 7) in base 3?
-1
a (base 12) to base 9
11
Convert 2 (base 8) to base 5.
2
Convert 113 (base 8) to base 15.
50
-22102 (base 3) to base 13
-146
Convert -35 (base 8) to base 16.
-1d
What is 11 (base 14) in base 3?
120
Convert 306 (base 9) to base 13.
162
Convert 1031 (base 4) to base 3.
2212
-5 (base 9) to base 13
-5
What is 0 (base 13) in base 9?
0
Convert 133 (base 4) to base 7.
43
Convert 1011100 (base 2) to base 16.
5c
Convert -40 (base 7) to base 16.
-1c
-294 (base 12) to base 2
-110010000
28 (base 11) to base 6
50
Convert -6 (base 9) to base 10.
-6
What is 1 (base 3) in base 13?
1
Convert -10 (base 10) to base 5.
-20
-105 (base 7) to base 4
-312
What is -1 (base 13) in base 16?
-1
Convert 10c (base 13) to base 8.
265
-10 (base 10) to base 16
-a
54 (base 15) to base 8
117
What is 6 (base 9) in base 5?
11
2 (base 6) to base 11
2
93 (base 12) to base 13
87
What is 3 (base 14) in base 3?
10
Convert -8 (base 9) to base 2.
-1000
-1 (base 10) to base 14
-1
Convert -40 (base 13) to base 2.
-110100
Convert 243 (base 5) to base 9.
81
303 (base 7) to base 13
b7
Convert 3 (base 11) to base 9.
3
1 (base 15) to base 3
1
3 (base 5) to base 13
3
Convert 10001 (base 2) to base 15.
12
-6 (base 13) to base 14
-6
What is 283 (base 9) in base 13?
153
12 (base 6) to base 16
8
What is 2 (base 7) in base 8?
2
What is 70 (base 8) in base 14?
40
Convert 113 (base 6) to base 10.
45
What is 1100101 (base 2) in base 11?
92
Convert -14 (base 8) to base 2.
-1100
Convert 22 (base 13) to base 16.
1c
Convert -1 (base 4) to base 6.
-1
Convert 10 (base 11) to base 12.
b
23 (base 8) to base 14
15
1011 (base 2) to base 5
21
What is -1 (base 16) in base 14?
-1
8